+ 41. Let u be l(15). Calculate the greatest common divisor of u and 14.
14
Suppose -4*t = d - 12, 7*d - 37 = 3*d - 5*t. Calculate the highest common factor of d and 56.
8
Let c = -118 - -195. Calculate the highest common factor of c and 11.
11
Let l be 11*(-2)/4*-40. Let z = 363 - l. Let w be (10 - (-2 - 0)) + 1. What is the greatest common divisor of z and w?
13
Suppose 3*t = t + 1100. Let w be ((-16)/20)/((-4)/t). What is the highest common divisor of w and 44?
22
Let a(r) = 4*r + 31. Let c be a(-5). What is the greatest common divisor of c and 121?
11
Suppose f - 2*f = -3. Let x = 1 - f. Let k be x/((-4)/26) + -2. What is the highest common factor of k and 33?
11
Let z = 9 - 0. What is the greatest common factor of 99 and z?
9
Let v = -11 - -16. Suppose -u = 2*f - 2, 2*u - v*f = 4*u - 3. Suppose -3*w + u*r = -88, 5*r = -2*w - 0*w + 97. Calculate the highest common divisor of w and 12.
12
Suppose 0 = 5*r - 16 - 9. Let d(l) = -l**3 + 7*l**2 + 4. Let b be d(r). Calculate the highest common divisor of 135 and b.
27
Suppose r = -5*o + 465 + 801, -5*r = 5*o - 1270. What is the highest common factor of 23 and o?
23
Let s(f) = -f**3 - 2*f**2 + 2. Let h be s(-2). Let o(y) = 2*y**3 - y**2 - 2*y + 2. Let q be o(h). Calculate the highest common factor of q and 70.
10
Suppose q = -q + 36. Let a(p) = 35*p**3 + 4*p**2 - p - 2. Let n be a(1). What is the greatest common divisor of q and n?
18
Let u = -9 + 32. Let c = 37 + -14. Calculate the greatest common divisor of u and c.
23
Let c be (-4)/(-18) - 86/(-18). Suppose 4*m - 92 = -4*f, -c*f + 50 = 3*m - 69. Suppose f = 4*w + w. Calculate the highest common factor of 1 and w.
1
Suppose 3*j + 76 = -0*j + 5*p, -92 = 4*j - 2*p. Let h be (-6)/(-33) + (-40)/j. Suppose 144 = -0*z + h*z. What is the highest common factor of 8 and z?
8
Let s(x) = 17*x + 7. Let d be s(3). What is the greatest common factor of 145 and d?
29
Let n = -13 + 20. What is the highest common factor of 14 and n?
7
Let p be 5/(15/(-6)) - -4. Let s be p*-4*21/(-2). Let k be ((-6)/8)/((-2)/32). What is the greatest common factor of s and k?
12
Let n = -11 - -13. Suppose -40 = -2*z - n*z. What is the highest common divisor of z and 10?
10
Let b = 2 + 1. Let f be ((-1)/b)/((-2)/42). Calculate the highest common divisor of f and 28.
7
Suppose -3*s + 696 = 5*d, 0 = 5*d - 5*s + 222 - 942. What is the greatest common factor of 47 and d?
47
Let k(z) = -z**2 + 7*z. Let n be k(6). Calculate the greatest common divisor of n and 24.
6
Let a be 11*1 - (-9 - -10). Calculate the highest common factor of 2 and a.
2
Let k = 33 - 20. Let s be k/(-2*(-2)/4). Suppose -4*n - 324 = -3*w, -3*n + 92 = w + n. What is the greatest common factor of s and w?
13
Suppose -61 - 107 = -2*z. Calculate the highest common factor of 12 and z.
12
Suppose -2*j = -45 + 3. Let c be (-246)/(-22) + (-10)/55. Suppose 6*y + 15 = c*y. Calculate the greatest common factor of j and y.
3
Let u = -21 + 15. Let g = 15 + u. Calculate the greatest common divisor of g and 6.
3
Let z(p) = -p**3 - p + 195. Let q be z(0). Suppose -s + 2*a + 114 = 0, 3*s - q = a + 142. Calculate the highest common factor of 14 and s.
14
Suppose 2*m - 70 = -3*m. Suppose -4*x - 2 + m = r, 5*x + 3*r = 15. What is the greatest common factor of x and 3?
3
Let l be (-3)/18*-4*-3. Let o be l - -6*2/4. Calculate the highest common divisor of 4 and o.
1
Let y be 12*(1 + 1/3). Let q(g) = g - 8. Let l be q(8). Let r be 222/2 + (1 - l). What is the greatest common divisor of y and r?
16
Let s = 24 - 6. Suppose 4*a - 192 = -2*a. Let b = 34 - a. What is the highest common factor of b and s?
2
Let q be (-4)/(-6) - 7/(126/(-780)). Calculate the greatest common divisor of q and 176.
44
Let o be ((-18)/4)/(6/(-8)). Let s(q) = q - 6. Let z be s(7). Let j be 15 + 0/(z*-3). What is the highest common divisor of j and o?
3
Let c = -35 - -41. Let t be 1/(-2) - 1/(-2). Let l = c - t. Calculate the highest common divisor of l and 15.
3
Let b(f) = 4*f**2 + 3*f + 2. Let u be b(-2). Suppose -4*h = -h + u, 0 = -2*p - 5*h + 14. What is the greatest common factor of p and 187?
17
Let j = -1 + 3. Let t be j*(-3)/((-18)/15). Suppose -t*a + 13 = -2. What is the greatest common divisor of a and 30?
3
Let b(d) = -2*d**3 - d**2 - d - 4. Let m be b(-3). What is the highest common factor of 110 and m?
22
Let v(w) = -2*w - 1. Let o be v(-1). Let s be (o/(-2))/(2/(-8)). Let y = 15 + -11. Calculate the highest common divisor of y and s.
2
Let a be 35*(-2)/(-2 - 0). Let v = 33 - 28. What is the greatest common divisor of a and v?
5
Let v be 2/(-5) - (-494)/10. Let i = -4 - -7. Suppose -34 = -i*z - 13. What is the highest common factor of z and v?
7
Suppose 6*c + 2*f - 166 = 2*c, -3*f = -5*c + 180. Calculate the greatest common factor of 52 and c.
13
Let p be (-3 + (66/18 - 4))*-3. Suppose 5*j + 65 = a, 0*a = 3*a - j - 237. Calculate the greatest common factor of a and p.
10
Let i be 6/(-15) - 8934/(-10). Suppose 0 = 3*c - i + 29. Suppose v = -3*v + c. Calculate the greatest common factor of v and 9.
9
Let s = 41 - 21. What is the highest common factor of 50 and s?
10
Let u be (-1)/(2/6) - -4. Suppose -5*f = -71 + u. Calculate the greatest common divisor of f and 35.
7
Let k(t) = 66*t - 7. Let s be k(2). What is the greatest common divisor of 25 and s?
25
Let w(g) = 10*g. Let z be w(2). Calculate the highest common factor of 30 and z.
10
Let x be ((-4)/(-16))/(2/104). What is the greatest common divisor of x and 91?
13
Let w be (-2 - -3)*-1*-2. Suppose 4*f = 4*s + 28, -2*f - w*s + 28 = 3*s. Calculate the greatest common divisor of 1 and f.
1
Suppose 2*l + 11 - 39 = 0. Suppose -s + 69 = 2*a, -2*a = -4*a - 4*s + 66. What is the greatest common factor of a and l?
7
Suppose -9 = -2*n + a, -5*n = -0*n - 5*a - 20. Suppose i + n*z - 6 = -14, 5*i = -2*z + 6. Calculate the greatest common factor of 16 and i.
2
Let v(s) = 2*s - 9. Let n be v(6). Let z be -11*(-3)/(n/5). Let f be (-22)/(-5)*(-10)/(-4). What is the greatest common factor of z and f?
11
Suppose -7*m = -3*m - 16. Let x be (7 - 2)*4/m. Suppose 0 = x*i - 3*r - 89, -6*i + 2*i + 3*r = -73. What is the highest common factor of i and 16?
16
Let c be (-12)/(85/100 + -1). Let j = 0 + 2. Let z = 12 - j. Calculate the greatest common divisor of c and z.
10
Let b(a) = a**3 - 10*a**2 + 7*a + 17. Let f be b(10). Calculate the highest common divisor of f and 58.
29
Let n = -123 + 167. Calculate the greatest common factor of n and 110.
22
Suppose -99 = -4*q - 5*u, -3*q - 99 = -8*q + 2*u. Suppose m + 2*j = 3, 4*m = 2*j + 25 + 7. What is the highest common divisor of q and m?
7
Let m be (-1 - (0 + 32))/(48/(-416)). Suppose 6*b - 130 = b. Calculate the greatest common divisor of m and b.
26
Let y = 45 - 26. Suppose 2*o + 19 + y = 0. Let a = 140 + o. What is the highest common factor of 11 and a?
11
Let j(g) = 3*g**2 - 3*g - 3. Let y be j(3). Suppose -2*w + w = s - 18, -3*s - y = 0. Suppose 2*z + 0*z - 506 = 0. What is the greatest common factor of w and z?
23
Let g = 2 - 6. Suppose i + 5*r + 5 = 2*i, -3 = -3*i + 3*r. Let w be (-21 + i)/(3/g). What is the highest common divisor of 14 and w?
14
Let r = 185 - 89. What is the greatest common divisor of 12 and r?
12
Let a = -186 + 263. Calculate the greatest common factor of 7 and a.
7
Let k = 4 + -4. Let b(h) = k*h + 2 - 7 - 4*h - 3. Let v be b(-7). Calculate the greatest common divisor of v and 4.
4
Let u be (3/((-30)/88))/((-3)/60). What is the highest common divisor of u and 16?
16
Let c(b) = -b**2 - 5*b - 3. Let p be c(-6). Let d = p - -22. What is the greatest common divisor of 91 and d?
13
Suppose -a - 2*a - 3*r = -30, -2*a - 4*r + 18 = 0. Suppose -2*m + 111 = m - 4*v, -m - 5*v = -18. Calculate the greatest common divisor of a and m.
11
Suppose -2*c - c = 0, 0 = u - 3*c - 22. What is the highest common factor of u and 2?
2
Let o be ((110/15)/(-11))/(1/(-60)). Calculate the highest common factor of o and 10.
10
Let c = 1 - 4. Let n(l) = -13*l - 4. Let r be n(c). What is the highest common factor of 14 and r?
7
Let k = 612 + -262. Let v(d) = d**2 - 3. Let f be v(-3). Suppose f*i = i + k. Calculate the highest common divisor of i and 28.
14
Suppose -5*z - 1075 = -5*u, -z - 4*z = -5. What is the highest common factor of 24 and u?
24
Let f(y) = -y**2 + 6*y - 1. Let j be f